31 = b - 26815. Let a = x - -11620. Is a a prime number?
True
Let l = -201 - -260. Is l a composite number?
False
Suppose 2*q = 3*q - 12. Suppose 4*a = 16, -4*y + q + 16 = 4*a. Suppose 0 = -y*h + 15, -3*h - 67 = -u - 7*h. Is u a composite number?
False
Let x(d) = 3*d**2 + 54*d + 4. Let n be x(-18). Is (90/75)/(n/4790) prime?
False
Suppose -5*n + 5*w = -70865, 4*n = -2*w - 0*w + 56716. Is n composite?
False
Suppose 2*t + y - 10 = 4, 2*y = t - 2. Suppose 0 = -3*p + t*p - 2001. Is p a composite number?
True
Suppose 0 = -9*v + 15*v - 48. Is ((-251)/4*-5)/(2/v) prime?
False
Let d = 29706 + -16811. Is d a composite number?
True
Suppose 13*p - 10*p + 4*k = 26571, 2*p + 3*k = 17714. Is p a prime number?
False
Suppose 2*z - 7*z = 3*k - 28, 0 = 2*z + 2*k - 8. Suppose 0 = -5*r + r - z, 4032 = 4*w + 2*r. Is w prime?
True
Let m = -13 + 9. Let a(x) = 91*x**2 - 4*x + 5. Is a(m) a prime number?
False
Let m(b) = b**3 + 32*b**2 + 6*b + 22. Is m(-27) a composite number?
True
Let x = -31 + 71. Suppose 36 + 5 = 4*c + y, 2*c + 2*y = 16. Suppose -3*j - 3*v + 19 + c = 0, -2*v - x = -2*j. Is j a composite number?
True
Suppose 38 = 3*f - 154. Suppose f*i + 4966 = 66*i. Is i a composite number?
True
Suppose l = -f + 9, -2*l - 2*f = 3*f - 6. Let p = l - 7. Let s = p + 43. Is s composite?
True
Let s(r) = 12*r - 109. Is s(24) a prime number?
True
Let h = 23077 - 8708. Is h prime?
True
Suppose 0 = 4*k - 4*x - 7728, 0 = -2*k - 2*x + x + 3861. Is k a prime number?
True
Let g be 262/(-6)*(-36)/(-6). Let d = -178 - g. Let i = d - -59. Is i composite?
True
Let k be (1/(-10)*-4)/((-1)/(-15)). Suppose k*r - 8365 = -1843. Is r a composite number?
False
Suppose 5*m + 5 = 0, 5*c + 21 = -5*m - 4. Let g be 10/c - 9/6. Is 1191/15 + g/10 a prime number?
True
Let d = -52 - -66. Suppose -9*r - 7855 = -d*r. Is r a composite number?
False
Suppose -13233 - 2243 = -5*g + 3*h, h = -g + 3100. Is g a prime number?
False
Suppose 0 = -m - m + 5*t + 4, 4*m - 2*t - 8 = 0. Suppose m*p = -2*p + 1444. Is p a prime number?
False
Let o = 195 + 1442. Is o a prime number?
True
Let j(z) = 5*z**2 - 6*z + 2. Let m = -10 + 16. Let i(k) = k**2 - 4*k - 7. Let v be i(m). Is j(v) a prime number?
True
Let z = -57 + 156. Suppose 4*d + m = z, -5*m + 79 = 2*d + 2*d. Suppose 2*j - 4*j = -d. Is j composite?
False
Let w(v) be the first derivative of 17*v**2/2 + 2*v + 1. Suppose d + 2*l - 11 = 0, 2*d - 4*d - 2*l + 18 = 0. Is w(d) a composite number?
True
Suppose 3*a = -c + 4867 + 3424, 13821 = 5*a + c. Suppose 0 = 5*v + 60 - a. Is v prime?
True
Let f(g) = 9 - 4 - 26 - 1645*g. Is f(-2) a prime number?
False
Let r(a) = 5934*a + 1. Let m be r(1). Suppose m = 5*j + 905. Is j/4 - 15/(-10) a composite number?
True
Let a(f) = 61*f**2 - 5*f + 16 - 14*f**2 - 9. Is a(2) prime?
False
Let v(q) = 254*q**3 + 11*q**2 - 17*q - 9. Is v(4) composite?
True
Let w(x) be the second derivative of -23*x**3/2 + 5*x**2 + 8*x. Is w(-7) prime?
False
Let z(v) = 361*v**2 - 26*v + 175. Is z(9) composite?
True
Let k(t) = -t**3 + 49*t**2 + 11*t - 18. Is k(49) a prime number?
True
Let t(x) = 678*x**2 - 11*x + 122. Is t(9) composite?
False
Suppose -3*w + 4*f = -29, -67 = -3*w - 2*w + 2*f. Suppose -w + 6 = 3*q. Let b(h) = 21*h**2 - 2*h - 4. Is b(q) a composite number?
False
Let j = -101 - 17. Let a be 3/(2/10*-1). Is (2 - a/(-6))*j prime?
True
Let y = 16829 - -59150. Is y prime?
True
Let t(o) be the third derivative of o**6/120 + 7*o**5/20 + 2*o**4/3 - 11*o**3/2 - 3*o**2 + 3*o. Is t(-16) composite?
False
Is (96/4)/3 + 5619 prime?
False
Let w be 2*(-1)/3*15/(-10). Let x(h) = 838*h**3 + 1. Is x(w) composite?
False
Let z(r) = -r**3 - 5*r**2 + r + 4. Let u be -1*4*65/52. Let i be z(u). Is i + -72*2/(-3) composite?
False
Suppose 2*y + 107 = 523. Let z = y + 15. Is z prime?
True
Is (1 + 1)*469719/162 a prime number?
False
Is 6/(-2) - 8850/(-15) prime?
True
Let k = 1 - -2. Suppose 0 = 3*r + t - 4*t + k, 4*r = 5*t - 7. Suppose -r*q + 227 = 37. Is q a composite number?
True
Suppose -6*q = 4*l - 7*q - 72873, 2*q = -10. Is l a prime number?
True
Let q(l) = -2*l + 2*l + 2*l**2 + l + 5 + 2*l**2. Suppose 3*t + 10 = -20. Is q(t) composite?
True
Suppose 31*a + 147532 = 75*a. Is a prime?
False
Let t be ((-1)/(-2))/(4/2896). Let i = -91 - -153. Suppose i = 4*r - t. Is r composite?
True
Let x(a) = a**3 + 6*a**2 + 9*a + 6. Let k be x(-4). Suppose -28 = 2*v + 2*j, -k*v - 4*j - 26 = -0*j. Is (3066/15)/((-6)/v) a composite number?
True
Is -11 - (-35750 + (9 - 17)) prime?
True
Suppose 27*g - 15995 = 22*g. Is g composite?
True
Suppose -9*d - 3*d = -8628. Is d a composite number?
False
Let a(s) = 2*s**3 - 9*s**2 - 5*s + 25. Is a(13) composite?
False
Suppose -4*j = 8, -2*j - 24 = i - 6*i. Suppose -1052 = -2*v + i*l, -2*l = l. Is v a composite number?
True
Suppose -3*z + 5*g = -35, -3*z = -3*g + 9 - 36. Suppose 0 = -z*j + j + 856. Is j a composite number?
True
Is (-1 + -8 + 8)*-983 prime?
True
Let w(y) = y**2 - y + 4. Let k be w(-8). Let g(m) = -46*m - 203*m - k*m - 4. Is g(-3) composite?
False
Suppose -5*y = 4*a - 8, -3*a - y + 21 = 4. Let t be (8/4 - a)*1. Is t/(-25) + 528/10 composite?
False
Suppose 2*p = -5*p + 2877. Let b = p - -932. Is b a prime number?
False
Let u = 90928 + -40895. Is u a composite number?
False
Let q(g) = 50*g**2 + 5*g - 8. Let k(r) = -49*r**2 - 5*r + 9. Let z(a) = 4*k(a) + 5*q(a). Is z(-3) prime?
True
Let x(k) = -k**3 + 13*k**2 - 4*k - 15. Is x(7) a prime number?
True
Let o(p) = p**3 + 3*p**2 + 2*p + 2. Let h be o(-2). Let x(j) = -29 + 29 + 3*j**h + 10*j. Is x(-7) prime?
False
Let d(f) = -f**3 - 7*f**2 - 6*f + 3. Let q be d(-6). Suppose 0 = -q*u + 15, -4*p = -2*p + 3*u - 21. Let o(k) = 18*k**2 - 3*k - 4. Is o(p) composite?
False
Let l(f) = 119*f - 109. Is l(8) prime?
False
Suppose -3*y + y = 5*q - 8, -3*q - 8 = -2*y. Suppose 4*d = -y*n + 436, -4*n = -5*d - 0*d - 481. Let j = n + 49. Is j prime?
True
Suppose 0 = 28*x - 6669 - 24523. Is x a prime number?
False
Let b(j) = 1703*j + 148. Is b(18) a composite number?
True
Let m(k) = -k**3 - 7*k**2 - k - 5. Let u be m(-7). Is u*(-6)/4 + 80 a prime number?
False
Let l(p) = 3*p**3 + 14*p**2 + 2*p - 43. Is l(10) a composite number?
True
Let j = 756 + 451. Is j composite?
True
Is (6 + -4)/(3/5541) prime?
False
Suppose 0 = x + 3*s - 5158, -10*x + 2*s = -9*x - 5163. Is x a prime number?
False
Let u be (-18)/(-81) + 72590/18. Let w = u + 232. Is w a composite number?
True
Suppose -5*l = -5*j + 55, -43 = -4*j - 5*l + 19. Suppose 0 = 2*o + j - 33. Is o composite?
True
Let u(c) = -267*c + 534. Let n(r) = -2. Let m(y) = 267*n(y) + u(y). Let f(q) = -q**3 + 4*q**2 - 1. Let a be f(4). Is m(a) a prime number?
False
Suppose -5*p + 83567 = -37718. Is p composite?
True
Let o be (2*(-2931)/(-24))/((-2)/8). Let k = o + 1774. Is k a prime number?
True
Is 10759 + (13 - -5)/(-3) composite?
False
Suppose -4*d - 2*a + 6940 = 2*a, -5*d + a = -8663. Is d composite?
False
Let a(j) be the third derivative of 11*j**6/180 + j**5/60 - j**4/8 - j**3 - 3*j**2. Let m(i) be the first derivative of a(i). Is m(2) a composite number?
False
Let q = 31 + -26. Suppose -4*g + 5*p = 3*p - 5584, 3*g - q*p = 4188. Suppose -930 = -2*w + 4*m, -3*w - 2*m + g = -7*m. Is w a prime number?
True
Let o(p) = -84*p**3 + 2*p**2 + 2*p - 2. Let a be (-4 - -4) + 1 + -3. Let q be o(a). Suppose -4*d = 2*m - 162 - 172, -4*m + q = 2*d. Is m a composite number?
True
Suppose 3*g + 15 = 0, 2*w + 4*g + 27 = 3*w. Suppose 1651 + 778 = w*i. Is i a prime number?
True
Suppose 2*y - x = 1, 2*y - 5*x = -19 - 0. Let f(i) = 88*i + 35*i - y - 40*i. Is f(4) a prime number?
False
Let q = 682 - -4189. Is q a prime number?
True
Suppose w + 5 = 9. Suppose 4*y + w*i + i - 21 = 0, 16 = 3*y + 4*i. Suppose 0*t = -y*t + 1556. Is t composite?
False
Let q = -92 + 87. Is (3223/(-55))/(1/q) a composite number?
False
Suppose 8*i - 414582 = -6*i. Is i a prime number?
False
Suppose -2*w + 4 = 2*u, 2*u + 0 = 3*w + 14. Suppose d + 3*v = -7, -2*d + 4*v + u = -2. Let h(f) = -67*f. Is h(d) prime?
True
Let b(z) = -3*z + 4. Let f = 6 + -5. Let u be f/(-4) + 230/(-40). Is b(u) a composite number?
True
Let i = 21 - 24. Let l = 11 - i. Suppose -l*p + 12*p + 290 = 0. Is p a prime number?
False
Let b(h) = 12*h - 1. Let j be (-90)/(-27)*(-6)/5. Let a = j + 9. Is b(a) composite?
False
Suppose -2*y + 709 = -6*y - l, y +